30)*(-4)/6. What is the units digit of (-2)/10 - (-184)/v?
9
Suppose 3*o - 20 = 2*o. Suppose 2*h = -3*h + o. What is the units digit of h?
4
What is the units digit of (18/(-15))/(986/(-980) + 1)?
6
Suppose -9 = -3*z, -9 - 1 = 4*x - 2*z. What is the units digit of 1/x - (-4 + 1)?
2
Let z(g) = 6*g**2 + 5*g - 3. What is the units digit of z(-4)?
3
Let p(m) = m**2 + 6*m + 7. Let n be p(-5). Let r be n/((-6)/9) - -23. What is the units digit of 368/r - (-3)/5?
9
Let c = -574 + 239. What is the tens digit of c/(-9) + 2/(-9)?
3
Let s(c) = -c**2 + c - 2. Let l be s(-5). What is the tens digit of (l/(-6))/(-1)*-3?
1
Suppose 2*n - 276 + 12 = 2*z, 4*n = 5*z + 524. What is the hundreds digit of n?
1
Suppose v + 83 - 561 = -4*z, 4*z - 2*v - 484 = 0. Suppose j - z = -j. What is the units digit of (-1)/(-4) - j/(-16)?
4
Let m(w) = -w + 12. Let s be m(7). Suppose -s*p + 3 + 7 = 0. Suppose 4*i = y + 2*y + 5, -p*i = -2*y. What is the units digit of y?
5
Let h be ((-3)/6)/((-2)/(-12)). Let g = -1 - h. Suppose 0 = 3*u + g*u - 5. What is the units digit of u?
1
Let t(a) = -a**2 - a + 1. Let f be t(0). Let c be 2/(-4) + 5/(-2). What is the units digit of (c*1/(-3))/f?
1
Suppose -2*t + 35 = -k, -t + 2 - 1 = 0. Let o = 47 + k. What is the tens digit of o?
1
Suppose 4*c = 3*c + 4. Suppose -c*x + 2*z = 4*z - 240, -3*z = -12. What is the units digit of x?
8
Let b = -30 + 21. Let l = 20 + b. What is the tens digit of l?
1
Let j(m) = -3*m**2 + 6*m - 1. Let i be j(5). What is the units digit of i/(-4) - 1/(-2)?
2
Suppose -5*k = -k - 152. What is the tens digit of (5/((-5)/k))/(-2)?
1
Let k(p) = p**3 - p**2 - 3*p - 2. Let d be 6/((-1)/(-1)) + -3. What is the units digit of k(d)?
7
What is the units digit of 4/22 - (-1010)/11?
2
Let s be 4/16 - (-19)/4. Suppose 4*h + 7 = -s. Let t = h - -13. What is the units digit of t?
0
Let f(p) = -p**2 - p + 3. Let x be f(0). Suppose 3*a - 12 = 0, -x*h - 5*a = -8*h - 25. What is the units digit of (-32)/(-20)*(-5)/h?
8
Let h = -6 + 4. What is the units digit of (h/2)/((-3)/15)?
5
Suppose -4*u + 10 = 2*l - 16, -91 = -5*l + 3*u. Suppose 23 = 5*i - 3*k, 5*i - 5*k - l = 8. What is the units digit of i?
4
Let t = 67 - -151. Suppose t = -4*h - 3*u, -h - 2*u - 28 = 24. What is the units digit of (-5)/2*h/20?
7
Suppose -8*i + 3*i = 10. Let x = i + 3. Let s = x - -2. What is the units digit of s?
3
Let i be 4 - 0*3/(-6). Suppose 4*h - 9 = -n, -h + i*n = 11 + 8. What is the units digit of (3 + -1)/(1 + h)?
1
Let r(d) = d**3 + 5*d**2 - 2*d + 2. Let v be r(-5). Suppose v = f + 2*f. Suppose -10 = -f*k + 22. What is the units digit of k?
8
What is the tens digit of 4820/160 + 2/(-16)?
3
Let x(d) = d**3 + 4*d**2 - 8*d - 8. Let n be x(-6). Let g = 67 + n. Suppose g = 2*y + 3*y. What is the units digit of y?
7
Suppose -5*t - 6 + 1 = 0. Let d(v) = -5*v + 3. Let j(s) = 34*s - 22. Let p(x) = 44*d(x) + 6*j(x). What is the units digit of p(t)?
6
Suppose -4*o - 4 = -6*o - 3*p, 5*p = o - 2. Suppose -o*l = 3*l + 15. Let w(t) = -3*t. What is the units digit of w(l)?
9
Let k(r) = -2*r**3 + 12*r**2 + 2*r - 5. What is the tens digit of k(5)?
5
Suppose 0 = -0*f - f + 5. Suppose 3*i = i + 4. Suppose 48 = f*y - i. What is the units digit of y?
0
Suppose 3*s - r = 23, -12 = -2*s + 3*r + 15. Let t(h) = h**2 - 5*h + 6. What is the units digit of t(s)?
2
Let p(y) = 169*y. Let a be p(1). Let h = 100 - a. What is the units digit of (-6)/10 + h/(-15)?
4
Let i(l) be the third derivative of -11*l**4/24 - 2*l**3/3 + l**2. What is the units digit of i(-3)?
9
Let o = 84 - 29. What is the units digit of o?
5
Let n(q) = q**2 + 7*q. Let z be n(-7). Let h(i) = i**2 - i + 14. Let u(g) = 4*g**2 - 3*g + 42. Let t(j) = 7*h(j) - 2*u(j). What is the tens digit of t(z)?
1
Let a be ((3 - 5) + 2)/2. Suppose 5*i = 5*k - 85, 5*i - 5 + a = 0. What is the units digit of k?
8
What is the tens digit of (3 + -1)*(5 + 5)?
2
What is the tens digit of (-3)/(9/(-1020)) - (3 + -2)?
3
Suppose v + 9 = 4*v, 4*n - 2*v - 6 = 0. Suppose 2*x = 3*u + 3*x - 13, -3 = -n*x. What is the units digit of u/(-20) - 22/(-10)?
2
Let b = 74 - 23. What is the units digit of b?
1
Suppose -5*a = -0*a - 3*y + 90, -a = -5*y + 40. What is the units digit of a*(2 - 16/6)?
0
Suppose -1845 = -7*r - 256. What is the hundreds digit of r?
2
Suppose 0*a + 3*a + 13 = s, 2*s - 5*a = 28. Suppose 5*v = s + 21. What is the units digit of v?
8
What is the units digit of ((4 - 250)/3)/(-2)?
1
Let t(w) = 4*w - 1. Let g be t(1). Suppose -3 = -g*h + 18. What is the units digit of h?
7
Let i(u) = u + 10. Let q be i(-9). What is the units digit of -5*(2 + q*-6)?
0
Let j = 20 - 6. Suppose 2*k + 14 = -j. What is the units digit of k/(-3) - 2/(-6)?
5
Suppose -4 = 2*l + 10. Let j(n) = -n**2 - 7*n + 3. What is the units digit of j(l)?
3
Let k(j) = -6*j**2 - 2 - j + 4*j**2 + 3*j**2. Let g be k(-2). Suppose p - 5*r - 3 = -15, g*r = -2*p + 32. What is the units digit of p?
8
Suppose v = -3*v - 5*s - 3, 4*v - s = -33. Let r = -1 - v. Let b(l) = -l**2 + 6*l + 5. What is the units digit of b(r)?
5
Suppose -2*m = 3*m + 10. What is the tens digit of (33/6)/(m/(-4))?
1
Let o(b) = b**2 - b + 2. Let a be o(0). Suppose 0 = 2*w + 4, 2*m + a*w = -3*w + 16. What is the units digit of (-1)/4 - m/(-4)?
3
Suppose 103 + 59 = 6*b. What is the units digit of b?
7
Let l = 173 + -121. What is the tens digit of l?
5
Suppose 78 = 2*t - t + 5*v, -5*v = -2*t + 96. What is the units digit of t?
8
Let f be 3 + (-2 + 1 - 0). Suppose -f*v - 4 = 2*y, 4*v - 4 = 3*y - y. What is the units digit of 2/(2 + -1) - v?
2
Suppose 0 = 2*l + 2*i - 4, 0 = -3*l + 2*i + 6 - 5. Let a = 8 - l. What is the units digit of a?
7
Let x = 17 - 12. Suppose u + 1 = x. What is the units digit of ((-28)/(-35))/(u/50)?
0
Suppose -308 = -3*b - a, 0 = -2*b + 6*b - 2*a - 424. What is the tens digit of b?
0
What is the tens digit of -1 + (0 - 1 - -3) - -35?
3
Let j(c) = -c**3 + 5*c**2 + 2*c - 1. Let a be j(5). What is the units digit of ((-4)/(-6))/(1/a)?
6
Suppose 0 = 3*m - 2*m + 4. What is the tens digit of (-5)/10 - 54/m?
1
Let q = -10 + 23. Let z be 1 - (-3 + 1 + -2). Let v = q - z. What is the units digit of v?
8
Suppose 3*b = 6*b + 3. Let u be (b - (4 + -1))/2. What is the units digit of u/(-7) - (-260)/70?
4
Let c = -78 - -130. What is the tens digit of c?
5
Let g be -3*(1/3 + -3). Suppose g*q - 130 = 3*q. What is the tens digit of q?
2
Suppose 0 = -3*l + 2*u + 2*u + 22, 0 = -3*l + u + 10. Let a be (l - 1)/((-5)/(-55)). Let y = 20 - a. What is the units digit of y?
9
Let u = -11 + 15. What is the units digit of 3/4*16/u?
3
Let z be ((-32)/(-20))/((-2)/15). Let n = z + 35. What is the tens digit of n?
2
Suppose 11 = b - c, b - 17 = -c - 0*c. What is the units digit of b?
4
Let u(q) = -q + 13. What is the units digit of u(-11)?
4
Suppose 0 = 4*c - 4*a - 284, -3*c - 4*a - a + 213 = 0. What is the tens digit of c?
7
Suppose -52 + 3 = -q. Let c = -35 + q. What is the units digit of c?
4
Let v be 22/(-3)*(-3)/(-1). Let i be (4/((-8)/v))/1. Suppose 4*w + 3 = i. What is the units digit of w?
2
Let b be (-4)/(-22) + (-291)/(-33). Let m = b - -6. Suppose 6*j = j + m. What is the units digit of j?
3
Let u(g) = 72*g**3 + 2*g - 1. What is the tens digit of u(1)?
7
Suppose -9 = -2*l + 1. Suppose l = 2*r + x, r = -2*r - x + 8. What is the units digit of r?
3
Let j(f) = 5*f. Let u be j(2). Suppose -5*d = -u*d - 10. What is the units digit of -2*(-2)/d - -6?
4
Let f = 17 + 20. What is the tens digit of f?
3
What is the tens digit of (-6)/10 + ((-14504)/(-40) - -2)?
6
Let m(a) = 4*a**3 + 4*a**2 + 3*a - 1. Let d(u) = -3*u + 2 + 4*u**2 - 5*u**2 - 3*u**3 - 3*u**2. Let w(c) = 3*d(c) + 2*m(c). What is the units digit of w(-3)?
4
What is the units digit of 39 + -24 - (-1 - (1 + -1))?
6
Let z(k) = 15*k**2 - 4*k - 4. What is the units digit of z(-1)?
5
Suppose 4*z = -0*z - 20. Let o = z - -6. What is the units digit of o?
1
Let m(r) = 2*r**2 + 4*r + 2. What is the units digit of m(-3)?
8
Let f(c) = c**3 - 10*c**2 - 12*c + 16. Let o be f(11). Suppose 2 = 5*m + 4*y - 2, -y = -o*m + 24. What is the units digit of m?
4
Suppose -2*t + 6 = 3*l, 2*t - 10 = -5*l - 0. Suppose 0 = -3*i - l*i - 125. Let g = -11 - i. What is the tens digit of g?
1
Let h(v) = 12*v**2 + 8*v - 30. What is the hundreds digit of h(4)?
1
Let y(g) = -g**3 + 10*g*